{"id":287,"date":"2023-11-26T13:54:17","date_gmt":"2023-11-26T12:54:17","guid":{"rendered":"https:\/\/wojciechroskosz.com\/?post_type=product&#038;p=287"},"modified":"2024-07-23T23:33:40","modified_gmt":"2024-07-23T21:33:40","slug":"w-biegu","status":"publish","type":"product","link":"https:\/\/wojciechroskosz.com\/index.php\/produkt\/w-biegu\/","title":{"rendered":"w biegu"},"content":{"rendered":"","protected":false},"excerpt":{"rendered":"<p><b>Tytu\u0142:<br \/>\n<\/b>W biegu<\/p>\n<p><b>Cykl:<br \/>\n<\/b>Mi\u0142o\u015b\u0107 Instalatora<\/p>\n<p><b>Data powstania:<\/b><br \/>\n2016<\/p>\n<p><b>54&#215;54<\/b>\u00a0(cm)<b>:<\/b><\/p>\n<p><b>Opis:<\/b><br \/>\nPrzyjaciel ka\u017cdego instalatora, trytka. Podchodz\u0105cy profesjonalnie, do swojej pracy, monter zawsze odcina nadmiar opaski. W\u0142a\u015bnie z tych nadmiar\u00f3w powsta\u0142 ten obraz. Im bardziej jestem profesjonalny tym mocniej wypchane sztuk\u0105 mam kieszenie.<br \/>\nPraca wzi\u0119\u0142a udzia\u0142 w wystawie zbiorowej; <strong>RYSOPIS W BIEGU \/ Z\u012aM\u0112JUMI STEIG<\/strong>\u00a0\/2017\/ Akademia Sztuk Pi\u0119knych w Rydze \u2013 \u0141otwa.<\/p>\n","protected":false},"featured_media":196,"template":"","meta":[],"product_brand":[],"product_cat":[18,31],"product_tag":[],"class_list":{"0":"post-287","1":"product","2":"type-product","3":"status-publish","4":"has-post-thumbnail","6":"product_cat-milosc","7":"product_cat-w-zbiorach-kolekcji-prywatnej","9":"first","10":"onbackorder","11":"shipping-taxable","12":"product-type-simple"},"jetpack_sharing_enabled":true,"_links":{"self":[{"href":"https:\/\/wojciechroskosz.com\/index.php\/wp-json\/wp\/v2\/product\/287","targetHints":{"allow":["GET"]}}],"collection":[{"href":"https:\/\/wojciechroskosz.com\/index.php\/wp-json\/wp\/v2\/product"}],"about":[{"href":"https:\/\/wojciechroskosz.com\/index.php\/wp-json\/wp\/v2\/types\/product"}],"wp:featuredmedia":[{"embeddable":true,"href":"https:\/\/wojciechroskosz.com\/index.php\/wp-json\/wp\/v2\/media\/196"}],"wp:attachment":[{"href":"https:\/\/wojciechroskosz.com\/index.php\/wp-json\/wp\/v2\/media?parent=287"}],"wp:term":[{"taxonomy":"product_brand","embeddable":true,"href":"https:\/\/wojciechroskosz.com\/index.php\/wp-json\/wp\/v2\/product_brand?post=287"},{"taxonomy":"product_cat","embeddable":true,"href":"https:\/\/wojciechroskosz.com\/index.php\/wp-json\/wp\/v2\/product_cat?post=287"},{"taxonomy":"product_tag","embeddable":true,"href":"https:\/\/wojciechroskosz.com\/index.php\/wp-json\/wp\/v2\/product_tag?post=287"}],"curies":[{"name":"wp","href":"https:\/\/api.w.org\/{rel}","templated":true}]}}