{"id":276,"date":"2023-11-20T14:19:55","date_gmt":"2023-11-20T13:19:55","guid":{"rendered":"https:\/\/wojciechroskosz.com\/?post_type=product&#038;p=276"},"modified":"2024-07-23T23:34:33","modified_gmt":"2024-07-23T21:34:33","slug":"pocalunek-o-poranku","status":"publish","type":"product","link":"https:\/\/wojciechroskosz.com\/index.php\/produkt\/pocalunek-o-poranku\/","title":{"rendered":"poca\u0142unek o poranku"},"content":{"rendered":"","protected":false},"excerpt":{"rendered":"<p><b>Tytu\u0142:<br \/>\n<\/b>Poca\u0142unek o poranku<\/p>\n<p><strong>Cykl:<br \/>\n<\/strong>Mi\u0142o\u015b\u0107 instalatora<\/p>\n<p><b>Data powstania:<\/b><br \/>\n2016<\/p>\n<p><b>Wymiary<\/b>\u00a0(cm)<b>:<\/b><br \/>\n50x50x3<\/p>\n<p><b>Opis:<\/b><br \/>\nTo drugi obraz, z serii trzech, malowanych emulsj\u0105 na bazie kawy parzonej. Malowany ustami. To zapis porannej czynno\u015bci od kt\u00f3rej zaczynam ka\u017cdy dzie\u0144 pracy. Specjaln\u0105, starannie przyrz\u0105dzon\u0105, wed\u0142ug receptury lokalnego Herta, emulsj\u0105 maluj\u0119 brzegi tekturowych kubk\u00f3w &#8211; jeden dziennie. Zebrane z kilkunastu miesi\u0119cy pojedyncze malowid\u0142a tworz\u0105 jeden niepowtarzalny obraz.<br \/>\nW zbiorach kolekcji prywatnej.<\/p>\n","protected":false},"featured_media":178,"template":"","meta":[],"product_brand":[],"product_cat":[18,31],"product_tag":[],"class_list":{"0":"post-276","1":"product","2":"type-product","3":"status-publish","4":"has-post-thumbnail","6":"product_cat-milosc","7":"product_cat-w-zbiorach-kolekcji-prywatnej","9":"first","10":"onbackorder","11":"featured","12":"shipping-taxable","13":"product-type-simple"},"jetpack_sharing_enabled":true,"_links":{"self":[{"href":"https:\/\/wojciechroskosz.com\/index.php\/wp-json\/wp\/v2\/product\/276","targetHints":{"allow":["GET"]}}],"collection":[{"href":"https:\/\/wojciechroskosz.com\/index.php\/wp-json\/wp\/v2\/product"}],"about":[{"href":"https:\/\/wojciechroskosz.com\/index.php\/wp-json\/wp\/v2\/types\/product"}],"wp:featuredmedia":[{"embeddable":true,"href":"https:\/\/wojciechroskosz.com\/index.php\/wp-json\/wp\/v2\/media\/178"}],"wp:attachment":[{"href":"https:\/\/wojciechroskosz.com\/index.php\/wp-json\/wp\/v2\/media?parent=276"}],"wp:term":[{"taxonomy":"product_brand","embeddable":true,"href":"https:\/\/wojciechroskosz.com\/index.php\/wp-json\/wp\/v2\/product_brand?post=276"},{"taxonomy":"product_cat","embeddable":true,"href":"https:\/\/wojciechroskosz.com\/index.php\/wp-json\/wp\/v2\/product_cat?post=276"},{"taxonomy":"product_tag","embeddable":true,"href":"https:\/\/wojciechroskosz.com\/index.php\/wp-json\/wp\/v2\/product_tag?post=276"}],"curies":[{"name":"wp","href":"https:\/\/api.w.org\/{rel}","templated":true}]}}